{"id":14,"date":"2021-05-27T20:02:31","date_gmt":"2021-05-27T20:02:31","guid":{"rendered":"https:\/\/dev-cu-sites.pantheonsite.io\/almeidalab\/?page_id=14"},"modified":"2026-03-24T14:20:40","modified_gmt":"2026-03-24T14:20:40","slug":"publications","status":"publish","type":"page","link":"https:\/\/sites.clarkson.edu\/almeidalab\/publications\/","title":{"rendered":"Publications"},"content":{"rendered":"\n<p><strong><em>To see all of Dr. Almeida&#8217;s publications, please visit her <a href=\"https:\/\/scholar.google.com\/citations?hl=en&amp;tzom=300&amp;user=U5t3rVUAAAAJ&amp;authuser=2\" data-type=\"link\" data-id=\"https:\/\/scholar.google.com\/citations?hl=en&amp;tzom=300&amp;user=U5t3rVUAAAAJ&amp;authuser=2\">Google Scholar<\/a> page.<br>*authors contributed equally, #corresponding author, <sup>1<\/sup>undergraduate researcher, <sup>2<\/sup>graduate researcher<\/em><\/strong><\/p>\n\n\n\n<p>15. Richards, M., Appiah-Kubi, K., Ball, J., Boolani, A., King, M., Treptow, S., Kuxhaus, L., <strong>Almeida, B.<\/strong><sup>#<\/sup> <em>Implementation of a Biomedical Research Training Program for Early-Stage Undergraduate Students to Inspire Development of a STEM Professional Identity<\/em>, Biomedical Engineering Education, 2026. [<a href=\"https:\/\/doi.org\/10.1007\/s43683-026-00219-8\">DOI<\/a>]<\/p>\n\n\n\n<p>14. Fatima, R.,<sup>1<\/sup> <strong>Almeida, B.<\/strong><sup>#<\/sup> <em>Hyaluronic Acid\/Type I Collagen Hydrogels with Tunable Physicochemical Properties using Diels-Alder Click Chemistry<\/em>, Journal of Biomedical Materials Research Part A, 113(10):e37992, 2025. [<a href=\"https:\/\/sites.clarkson.edu\/almeidalab\/?page_id=590\" data-type=\"page\" data-id=\"590\">DOI<\/a>]<\/p>\n\n\n\n<p>13. Ahmed, A.A.A., Alegret, N., <strong>Almeida, B.<\/strong>, Alvarez-Puebla, R., Andrews, A.M., Ballerini, L., Barrios-Capuchino, J.J., Becker, C., Blick, R.H., Bonakdar, S., Chakraborty I., Chen, X., Cheon, J., Chilla, G., Conceicao. A.L.C., Delehanty, J.B., Dulle, M., Efros, A.L., Epple, M., Fedyk, M., Feliu, N., Feng, M., Fern\u00e1ndez-Chac\u00f3n, R., Fernandez-Cuesta, I., Fertig, N., F\u00f6rster, S., Garrido, J.A., George, M., Guse, A.H., Hampp, N., Harberts, J., Han, J., Heekeren, H.R., Hofmann, U.G., Holzapfel, M., Hosseinkazemi, H., Huang, Y., Huber, P., Hyeon, T., Ingebrandt, S., Ienca, M., Iske, A., Kang, Y., Kasieczka, G., Kim, D-H., Kostarelos, K., Lee, J-H., Lin, K-W., Liu, S., Liu, X., Liu, Y., Lohr, C., Mail\u00e4nder, V., Maffongelli, L., Megahed, S., Mews, A., Mutas, M., Nack, L., Nakatsuka, N., Oertner, T.G., Offenh\u00e4user, A., Oheim, M., Otange, B., Otto, F., Patrono, E., Peng, B., Picchiotti, A., Pierini, F., P\u00f6tter-Nerger, M., Pozzi M., Pralle, A., Prato. M., Qi, B., Ramos-Cabrer, P., Genger, U.R., Ritter, N., Rittner, M., Roy, S., Santoro, F., Schuck, N.W., Schulz, F., \u015eeker, E., Skiba M., Sosniok, M., Stephan, H., Wang, R., Wang, T., Wegner, K.D., Weiss, P.S., Xu, M., Yang, C., Zargarian, S.S., Zeng, Y., Zhao, Y., Zhu, D., Zierold, R., Parak, W.J.<sup>#<\/sup>\u00a0 <em>Interfacing with the Brain: How Nanotechnology Can Contribute<\/em>, ACS Nano, 19(11):10630-10717, 2025. [<a href=\"https:\/\/doi.org\/10.1021\/acsnano.4c10525\">DOI<\/a>]<\/p>\n\n\n\n<p>12. Olsen, S.<sup>1<\/sup>, Leader, R.<sup>1<\/sup>, Mortimer, A.<sup>1<\/sup>, <strong>Almeida, B.<\/strong><sup>#<\/sup> <em>Matrix Stiffness and Viscoelasticity Influence Human Mesenchymal Stem Cell Immunomodulation<\/em>, Mechanobiology in Medicine, 3(1):100111, 2024. [<a href=\"https:\/\/doi.org\/10.1016\/j.mbm.2024.100111\" data-type=\"link\" data-id=\"https:\/\/doi.org\/10.1016\/j.mbm.2024.100111\">DOI<\/a>]<\/p>\n\n\n\n<p>11. Fatima, R.<sup>2<\/sup>, <strong>Almeida, B.<\/strong><sup>#<\/sup> <em>Methods to Achieve Tissue-Mimetic Physicochemical Properties in Hydrogels for Regenerative Medicine and Tissue Engineering<\/em>, Journal of Materials Chemistry B, 12:8505, 2024. (Invited Submission &#8211; Special Issue: 2024 Emerging Investigators) [<a href=\"https:\/\/pubs.rsc.org\/en\/content\/articlelanding\/2024\/tb\/d4tb00716f\">DOI<\/a>]<\/p>\n\n\n\n<p>10. Keshavarz, R.<sup>2<\/sup>, Olsen, S.<sup>1<\/sup>, <strong>Almeida, B.<\/strong><sup>#<\/sup> <em>Using biomaterials to improve mesenchymal stem cell therapies for chronic, non-healing wounds<\/em>, Bioengineering &amp; Translational Medicine, 9(1):e10598, 2024. [<a href=\"https:\/\/doi.org\/10.1002\/btm2.10598\">DOI<\/a>]<\/p>\n\n\n\n<p>9. Nag, O.<sup>#<\/sup>, Naciri, J., Lee, K., Oh, E., <strong>Almeida, B.<\/strong>, Delehanty, J. <em>Liquid Crystal Nanoparticle Conjugates for Scavenging Reactive Oxygen Species in Live Cells<\/em>, Pharmaceuticals, 15(5):604, 2022. (Special Issue: Nanoparticle-Mediated Drug Delivery, Imaging, and Control of Cellular Functions) [<a href=\"https:\/\/doi.org\/10.3390\/ph15050604\" data-type=\"URL\" data-id=\"https:\/\/doi.org\/10.3390\/ph15050604\">DOI<\/a>]<\/p>\n\n\n\n<p>8. Battigelli, A., <strong>Almeida, B.<\/strong>, Shukla, A.<sup>#<\/sup> <em>Recent Advances in Bioorthogonal Click Chemistry for Biomedical Applications<\/em>, Bioconjugate Chemistry, 33(2):263-271, 2022. [<a href=\"https:\/\/doi.org\/10.1021\/acs.bioconjchem.1c00564\">DOI<\/a>]<\/p>\n\n\n\n<p>7. <strong>Almeida, B.<\/strong>, Rogers, K., Nag, O., Delehanty, J.<sup>#<\/sup> <em>Sensing Nitric Oxide in Cells: Historical Technologies and Future Outlook<\/em>, ACS Sensors, 6(5):1695-1703, 2021. [<a href=\"https:\/\/pubs.acs.org\/doi\/abs\/10.1021\/acssensors.1c00051\" data-type=\"URL\" data-id=\"https:\/\/pubs.acs.org\/doi\/abs\/10.1021\/acssensors.1c00051\">DOI<\/a>]<\/p>\n\n\n\n<p>6. <strong>Almeida, B.<\/strong>, Nag, O., Rogers, K., Delehanty, J.<sup>#<\/sup> <em>Recent Progress in Bioconjugation Strategies for<\/em> <em>Liposome-Mediated Drug Delivery<\/em>, Molecules, 25(23):5672, 2020. (Invited Submission \u2013 Special Issue: Bioconjugation Strategies in Drug Delivery and Molecular Imaging) [<a href=\"https:\/\/www.mdpi.com\/1420-3049\/25\/23\/5672\" data-type=\"URL\" data-id=\"https:\/\/www.mdpi.com\/1420-3049\/25\/23\/5672\">DOI<\/a>]<\/p>\n\n\n\n<p>5. Battigelli, A., <strong>Almeida, B.<\/strong>, Shukla, S., Rocha, A., Shukla, A.<sup>#<\/sup> <em>Inducing mesenchymal stem cell attachment<\/em> <em>on non-cell adhesive hydrogels through click chemistry<\/em>, Chemical Communications, 56(55):7661-7664, 2020. [<a href=\"https:\/\/pubs.rsc.org\/en\/content\/articlehtml\/2020\/cc\/d0cc03403g\" data-type=\"URL\" data-id=\"https:\/\/pubs.rsc.org\/en\/content\/articlehtml\/2020\/cc\/d0cc03403g\">DOI<\/a>]<\/p>\n\n\n\n<p>4. Nag, O.,* Muroski, M.,* Hastman, D., <strong>Almeida, B.<\/strong>, Medintz, I., Huston, A., Delehanty, J.<sup>#<\/sup> <em>Nanoparticle-mediated visualization and control of cellular membrane potential: Strategies, progress, and remaining issues<\/em>, ACS Nano, 14(3):2659-2677, 2020. [<a href=\"https:\/\/pubs.acs.org\/doi\/abs\/10.1021\/acsnano.9b10163\" data-type=\"URL\" data-id=\"https:\/\/pubs.acs.org\/doi\/abs\/10.1021\/acsnano.9b10163\">DOI<\/a>]<\/p>\n\n\n\n<p>3. <strong>Almeida, B.<\/strong>,* Wang, Y.,* Shukla, A.<sup>#<\/sup> <em>Effects of Nanoparticle Properties on Kartogenin Delivery and<\/em> <em>Interactions with Mesenchymal Stem Cells<\/em>, Annals of Biomedical Engineering, 48(7):2090-2102, 2019. (Invited Submission \u2013 Special Issue: Biomaterials \u2013 Engineering Cell Behavior) [<a href=\"https:\/\/link.springer.com\/article\/10.1007\/s10439-019-02430-x\" data-type=\"URL\" data-id=\"https:\/\/link.springer.com\/article\/10.1007\/s10439-019-02430-x\">DOI<\/a>]<\/p>\n\n\n\n<p>2. <strong>Almeida, B.<\/strong>, Shukla, A.<sup>#<\/sup> <em>Degradation of alkanethiol self-assembled monolayers in mesenchymal stem cell<\/em> <em>culture<\/em>, Journal of Biomedical Materials Research Part A, 105(2):464-474, 2017. [<a href=\"https:\/\/onlinelibrary.wiley.com\/doi\/abs\/10.1002\/jbm.a.35922\" data-type=\"URL\" data-id=\"https:\/\/onlinelibrary.wiley.com\/doi\/abs\/10.1002\/jbm.a.35922\">DOI<\/a>]<\/p>\n\n\n\n<p>1. Shukla, A.<sup>#<\/sup>, <strong>Almeida, B<\/strong>.&nbsp;<em>Advances in cellular and tissue engineering using layer\u2010by\u2010layer assembly<\/em>,&nbsp;WIREs Nanomedicine and Nanobiotechnology, 6(5):411-21, 2014. [<a href=\"https:\/\/onlinelibrary.wiley.com\/doi\/abs\/10.1002\/wnan.1269\" data-type=\"URL\" data-id=\"https:\/\/onlinelibrary.wiley.com\/doi\/abs\/10.1002\/wnan.1269\">DOI<\/a>]<\/p>\n\n\n\n<p><strong><em>Non-Peer Reviewed Articles and Book Chapters<\/em><\/strong><br>1. <strong>Almeida, B.<\/strong>, Medintz, I., Delehanty, J.<sup>#<\/sup> <em>Quantum dots put focus on neuronal imaging<\/em>, Biophotonics Magazine, July\/August 2020, pp. 28-32. [<a href=\"https:\/\/www.photonics.com\/Articles\/Quantum_Dots_Put_Focus_on_Neuronal_Imaging\/a65843#:~:text=Fluorescent%20nanomaterials%20allow%20for%20imaging,cells%20at%20the%20same%20time.\" data-type=\"URL\" data-id=\"https:\/\/www.photonics.com\/Articles\/Quantum_Dots_Put_Focus_on_Neuronal_Imaging\/a65843#:~:text=Fluorescent%20nanomaterials%20allow%20for%20imaging,cells%20at%20the%20same%20time.\" target=\"_blank\" rel=\"noreferrer noopener\">LINK<\/a>]<\/p>\n","protected":false},"excerpt":{"rendered":"<p>To see all of Dr. Almeida&#8217;s publications, please visit her Google Scholar page.*authors contributed equally, #corresponding author, 1undergraduate researcher, 2graduate researcher 15. Richards, M., Appiah-Kubi, K., Ball, J., Boolani, A., King, M., Treptow, S., Kuxhaus, L., Almeida, B.# Implementation of a Biomedical Research Training Program for Early-Stage Undergraduate Students to Inspire Development of a STEM [&hellip;]<\/p>\n","protected":false},"author":1,"featured_media":0,"parent":0,"menu_order":0,"comment_status":"closed","ping_status":"closed","template":"","meta":{"advgb_blocks_editor_width":"","advgb_blocks_columns_visual_guide":"","footnotes":""},"class_list":["post-14","page","type-page","status-publish","hentry"],"coauthors":[],"author_meta":{"author_link":"https:\/\/sites.clarkson.edu\/almeidalab\/author\/moeler\/","display_name":"moeler"},"relative_dates":{"created":"Posted 5 years ago","modified":"Updated 1 week ago"},"absolute_dates":{"created":"Posted on May 27, 2021","modified":"Updated on March 24, 2026"},"absolute_dates_time":{"created":"Posted on May 27, 2021 8:02 pm","modified":"Updated on March 24, 2026 2:20 pm"},"featured_img_caption":"","featured_img":false,"series_order":"","_links":{"self":[{"href":"https:\/\/sites.clarkson.edu\/almeidalab\/wp-json\/wp\/v2\/pages\/14","targetHints":{"allow":["GET"]}}],"collection":[{"href":"https:\/\/sites.clarkson.edu\/almeidalab\/wp-json\/wp\/v2\/pages"}],"about":[{"href":"https:\/\/sites.clarkson.edu\/almeidalab\/wp-json\/wp\/v2\/types\/page"}],"author":[{"embeddable":true,"href":"https:\/\/sites.clarkson.edu\/almeidalab\/wp-json\/wp\/v2\/users\/1"}],"replies":[{"embeddable":true,"href":"https:\/\/sites.clarkson.edu\/almeidalab\/wp-json\/wp\/v2\/comments?post=14"}],"version-history":[{"count":7,"href":"https:\/\/sites.clarkson.edu\/almeidalab\/wp-json\/wp\/v2\/pages\/14\/revisions"}],"predecessor-version":[{"id":591,"href":"https:\/\/sites.clarkson.edu\/almeidalab\/wp-json\/wp\/v2\/pages\/14\/revisions\/591"}],"wp:attachment":[{"href":"https:\/\/sites.clarkson.edu\/almeidalab\/wp-json\/wp\/v2\/media?parent=14"}],"curies":[{"name":"wp","href":"https:\/\/api.w.org\/{rel}","templated":true}]}}